64/10 - 38/95. Calculate the greatest common divisor of t and l.
6
Suppose -505*x + 492339 + 145303 + 117838 = 0. What is the greatest common divisor of x and 209?
11
Suppose -5*h = -4 - 181. Suppose -2*i = -n - 966, -2*i + 5*n + 1035 = 53. Calculate the greatest common factor of h and i.
37
Let t be ((-28)/12)/((-51)/26163). What is the highest common factor of t and 665?
133
Let l = -3178 + 3484. What is the greatest common factor of l and 972?
18
Suppose 5*k - 10*k = -20. Let h be (-45)/6*k/(-6). Suppose 2*b - 50 = -h*l - 0*b, 4*b = -20. What is the greatest common factor of 4 and l?
4
Let b = 266 + -250. Calculate the greatest common divisor of 1296 and b.
16
Let v(a) = -a**2 - 61*a - 874. Let q be v(-27). Suppose -8 = -7*s + 3*s. Let h be 6/(s/1) - -41. Calculate the greatest common divisor of h and q.
44
Suppose 0 = -17*d + 4773 + 3319. Calculate the highest common factor of 1071 and d.
119
Suppose 4*p - 42 = -2*g, -2 - 8 = 2*g. Let c = 124 - p. Calculate the highest common factor of 74 and c.
37
Let k(q) = 2*q**3 + 30*q**2 + 2*q + 51. Suppose -3*t + 75 = -5*x, 0 = -4*x - 2*t - 2*t - 60. Let o be k(x). What is the greatest common factor of o and 84?
21
Let d(f) = -f**3 - 12*f**2 - 20*f - 6. Let b(w) = -w**3 + 19*w**2 + 19*w + 8. Let x be b(20). Let q be d(x). What is the greatest common factor of 3 and q?
3
Suppose -z - 4*i = -6029, -42*z + 37*z - 4*i = -30129. Suppose -10*l = -3*k - 6*l + 3632, -z = -5*k + l. Calculate the greatest common divisor of k and 28.
28
Suppose 28 = 4*k - 0*k. Let x be ((-46)/8 - (-12)/(-3))*-28. Suppose -3*y + x - 42 = 0. Calculate the highest common factor of y and k.
7
Let f = -54 + 56. Suppose -f*y = 5*x - 0*y - 58, 4 = -4*y. Let j(i) = 37*i - 3. Let n be j(3). What is the highest common factor of x and n?
12
Let u be -1*(2 - 1) + -5. Let m(c) = 2*c**2 + 6*c - 18. Let r be m(u). Suppose 0 = 47*x + 94 - 517. What is the greatest common divisor of x and r?
9
Suppose l - 365 = 15*p - 16*p, 5*p + 1135 = 3*l. Calculate the greatest common divisor of l and 13246.
74
Let y be (-225)/18*(-4)/2. Let n be 0 + (48/(-28))/((-1)/7). Suppose -j = -n - y. What is the highest common factor of j and 296?
37
Let t(r) = r**3 + 13*r**2 + 29*r - 17. Let z be t(-10). Let s be (6 - -4)*z/(-7). What is the highest common divisor of 15 and s?
5
Let a(g) = 3693*g - 18439. Let j be a(5). Let k(d) = 26*d**2. Let x = -5 + 4. Let b be k(x). Calculate the highest common divisor of j and b.
26
Let b be (-7250)/(-55) - (105/(-33) - -3). Let l = 14290 - 14059. Calculate the highest common factor of b and l.
33
Suppose 8*h - 25458 = 9322 + 2172. What is the highest common factor of h and 31?
31
Suppose -4*t = 4*v - 704, -3*v - 2*v + 25 = 0. Suppose -25*l + 204 = -21. What is the greatest common factor of l and t?
9
Let b be (7 + 1)*2537/172. What is the highest common factor of b and 354?
118
Suppose 4*b - 317 - 431 = 0. Suppose -3*j - 7*l + 56 = -2*l, l - 1 = 0. Calculate the greatest common divisor of b and j.
17
Suppose 19 = 5*b - 2*a, -9*a + 11*a + 13 = 3*b. Suppose 32 = 2*v - p - b*p, p - 62 = -3*v. Calculate the greatest common divisor of 30 and v.
10
Suppose -8*a + 29*a + 637 - 1981 = 0. Calculate the highest common divisor of a and 9856.
64
Suppose 3*p - 3 = 0, -4*p - 6 - 8 = -2*g. What is the greatest common divisor of g and 981?
9
Let u = 52 + -39. Let f = u + -28. Let c be -5*((-27)/10)/(f/(-30)). Calculate the highest common divisor of c and 108.
27
Let l be (-76)/(-84)*3 - 2/(-7). Suppose 0 = -4*b + 5*r + 34, -l*r = b - r - 15. Calculate the highest common factor of b and 5.
1
Suppose -4*c + 58*k = 63*k - 421, 0 = -5*c - 6*k + 525. Calculate the highest common factor of 162 and c.
9
Let x(s) = 53*s + 7. Let l be x(0). What is the highest common factor of l and 8?
1
Let v = 914 + -44. Calculate the greatest common factor of v and 330.
30
Let a be (-4)/6 + 6/(90/745). Let z = -114 - -86. Let s be (1 + (-11)/4)*z. Calculate the greatest common factor of s and a.
49
Let a be (-1300)/(-40)*(-23958)/(-55). Calculate the highest common factor of 9 and a.
9
Suppose 543 = 3*a + 3*c, 0*a + 4*a + 2*c - 730 = 0. Let l = -53366 - -53688. What is the highest common factor of a and l?
46
Let p = 2530 + -2296. What is the highest common factor of 288 and p?
18
Suppose -4*w = -i + 14, -w = 2*i - 7*i - 6. Let j be 1488/27 + (-1)/9 - i. Calculate the greatest common divisor of 19 and j.
19
Let v be ((15/(-3))/((-14)/(-60)))/((-409)/2863). Suppose 0 = -5*u + 2*u + 6. Let f be 2/4 + 11/u. Calculate the highest common divisor of v and f.
6
Suppose -x - x = -20. Let k be (-6 - 0)/(-3)*x. Suppose 3*v - 4*y = 412, 4*v = -v + 4*y + 692. What is the greatest common factor of v and k?
20
Let k = -7 + 32. Let u be ((-110)/k)/(1/(-60)*3). Calculate the greatest common factor of u and 11.
11
Let y = 5880 + -5802. Suppose -4*n = -9*n + 1950. Calculate the greatest common divisor of y and n.
78
Let a = -2108 - -3304. Calculate the greatest common factor of 138 and a.
46
Let f(q) = 2*q**3 + 2*q**2 + 21*q - 13. Let c be f(6). Let b = -446 + c. Calculate the highest common divisor of 57 and b.
57
Suppose 71*h = 1811 - 178. Suppose 0*f + 276 = 3*f. Calculate the highest common factor of f and h.
23
Suppose r = -2, -13789 - 39529 = -3*t + r. Calculate the highest common factor of t and 12.
12
Let m be (-11440)/26*81*(2 - 32/15). Calculate the greatest common divisor of 132 and m.
132
Let j = 2685 - 2655. Calculate the greatest common factor of 255 and j.
15
Suppose -w + 14 = -0*w + 2*g, 0 = -5*w - 2*g + 94. Let i(o) = 3*o**2 + 8*o + 232. Let u be i(-18). What is the highest common factor of u and w?
20
Let q(l) = -l**2 + 100*l + 1743. Let j be q(-15). Let z = 29 + -20. Let v(i) = -i**2 + 18*i + 9. Let g be v(z). What is the highest common factor of j and g?
18
Suppose -4 = 2*h + 4. Let c(t) = 93*t + 9. Let g(a) = -93*a - 8. Let f(b) = -4*c(b) - 3*g(b). Let x be f(h). Calculate the greatest common divisor of x and 45.
45
Suppose 2424 = -36*w + 23412. Let j = w + -539. Let r(t) = 34*t - 2. Let y be r(2). What is the highest common divisor of j and y?
22
Let o be 40/6*(-432)/(-32). Calculate the highest common factor of o and 390.
30
Let p(s) = -2*s**3 - 77*s**2 - 7*s + 3. Let i be p(-40). What is the highest common factor of i and 442?
221
Suppose -5*z + 122 = 3*k, 0 = 4*z - 5*k - 74 - 31. Calculate the greatest common divisor of 2045 and z.
5
Suppose -3*q + r = -4689, 41*q - 9360 = 35*q + 4*r. Calculate the highest common divisor of 116 and q.
58
Let i be 192/(-14) - (18/14 + -1). Let r be (-2)/i - (-1261)/91. Calculate the greatest common factor of 378 and r.
14
Let n be 262/6 + 11/33. Let v(t) = -32*t - 28. Let g be v(5). Let q = -177 - g. Calculate the highest common factor of n and q.
11
Let l be (-7 + 7)/((-2)/(2 + 0)). Suppose l = -5*v - 5*o - 5 + 230, 0 = 3*v - 2*o - 110. What is the greatest common divisor of 56 and v?
8
Let v = -143 - -372. Let l = -213 + v. Let f be (-340)/(-14) + (-4)/14. Calculate the highest common divisor of f and l.
8
Suppose 0 = -a + 4*b + 88 + 26, 0 = 4*a + b - 439. Suppose -9*h - a = -20*h. What is the greatest common factor of h and 6?
2
Suppose -52*o + 297*o = 2058 + 1862. What is the highest common divisor of 10240 and o?
16
Let s be 228/342*9/2. Calculate the greatest common factor of s and 711.
3
Let y(m) = -4*m**2 + 7706*m + 9 + 3*m**2 - m**3 - 7707*m. Let w be y(0). Let v be 64/11 + 2/11. What is the greatest common divisor of v and w?
3
Let s(x) = -x**3 - 8*x**2 + x - 10. Let y be s(-10). Let o = 222 - y. Calculate the highest common divisor of o and 84.
42
Suppose -9*a - 4042 = -370. Let t = a - -425. Suppose -8*y - u = -3*y - 86, 0 = 2*y - u - 33. Calculate the greatest common factor of y and t.
17
Let h(p) = -p**3 - 4*p**2 + 14*p + 7. Let x be h(-6). Let l be (-7)/(12 + x)*(-9)/(-1). Let q = 15 + l. What is the highest common factor of q and 78?
6
Suppose 2*p - 3*v - 158 = -2*v, 5*p - 2*v = 396. Calculate the greatest common divisor of p and 1280.
80
Suppose 201 = -48*h + 55*h - 450. Calculate the highest common factor of 4278 and h.
93
Let l be ((-56)/10)/((-8)/1 + (-4407)/(-565)). Calculate the highest common divisor of 630 and l.
14
Let r(q) = -6*q**3 - 32*q**2 - 6*q - 19. Let k be r(-7). What is the greatest comm